7
In base 10, what is 1 - -44395?
44396
In base 12, what is 18 + -a08?
-9b0
In base 16, what is -d23c - -1a?
-d222
In base 6, what is -41330 - 212?
-41542
In base 11, what is -8 - -27817?
2780a
In base 7, what is -11340 - 206?
-11546
In base 3, what is -10 + -1010220201210?
-1010220201220
In base 5, what is -1 + -111432?
-111433
In base 2, what is 11 + 1110100001001?
1110100001100
In base 13, what is 3 + -608b4b?
-608b48
In base 6, what is -4 - -351331?
351323
In base 13, what is 8 + 19a0c?
19a17
In base 7, what is 20325 - -20?
20345
In base 9, what is 1780 + -17?
1762
In base 8, what is 1 + 31204?
31205
In base 13, what is 409 - -34?
440
In base 4, what is -3222 + -122?
-10010
In base 3, what is 0 - -22210012?
22210012
In base 5, what is 342 + 4042?
4434
In base 16, what is -e5766 - -1?
-e5765
In base 14, what is 2513c - -2?
25140
In base 10, what is -3 + -307310?
-307313
In base 8, what is -3 - 271223?
-271226
In base 3, what is -121000212120 - 2?
-121000212122
In base 6, what is -13 - 301333?
-301350
In base 8, what is 3123 - 1002?
2121
In base 11, what is 7 - -1459?
1465
In base 13, what is -59 - 351?
-3aa
In base 11, what is -a25a + -9?
-a268
In base 16, what is b0 + -10cf?
-101f
In base 8, what is 526 - 1662?
-1134
In base 12, what is -5b + -60?
-bb
In base 9, what is 134 + 468?
613
In base 8, what is 1215 - -226?
1443
In base 11, what is -2730 - 290?
-2a10
In base 12, what is 261b97 - -1?
261b98
In base 6, what is 1315114 + 4?
1315122
In base 11, what is -27 - 655?
-681
In base 4, what is -12122 - 21?
-12203
In base 16, what is -1e96a + 1?
-1e969
In base 8, what is 55 - -27240?
27315
In base 10, what is 10 - 77?
-67
In base 3, what is 1102022 - -11200?
1120222
In base 13, what is 3 - 368167?
-368164
In base 14, what is 14d1 + 10?
1501
In base 7, what is -35 - 12564?
-12632
In base 7, what is -426453 - -2?
-426451
In base 6, what is 1003 - 12003?
-11000
In base 8, what is -11573 - -1?
-11572
In base 7, what is -14 - -32344?
32330
In base 12, what is 47 - 14a2?
-1457
In base 2, what is -100100 - 100110100101?
-100111001001
In base 2, what is 1001011001 + -11011?
1000111110
In base 2, what is 110 + -111000111010?
-111000110100
In base 9, what is -28 + -2606?
-2635
In base 9, what is 5 + -45118?
-45113
In base 9, what is 6748 - 35?
6713
In base 9, what is 6228 + 1451?
7680
In base 16, what is 0 - -1c0d27?
1c0d27
In base 11, what is 6639 - 2?
6637
In base 8, what is -1 + -24401?
-24402
In base 8, what is 4 + -17567?
-17563
In base 16, what is 91d - 4d2?
44b
In base 11, what is -2 - -1071a8?
1071a6
In base 10, what is -1713927 + 0?
-1713927
In base 8, what is 2 + -7115?
-7113
In base 3, what is -10 + -100101100212?
-100101100222
In base 15, what is 0 - -38167?
38167
In base 3, what is -210200101 - -22?
-210200002
In base 13, what is -1875 + 17?
-185b
In base 9, what is 770732 - 3?
770728
In base 10, what is 3 - 13767?
-13764
In base 12, what is b24 - -47?
b6b
In base 6, what is 3 + 5443335?
5443342
In base 9, what is 218 - -23368?
23587
In base 15, what is 2934 - 8?
292b
In base 7, what is -2521 - 1541?
-4362
In base 12, what is -b792b + 2?
-b7929
In base 6, what is 0 - 405545?
-405545
In base 3, what is 1002002211 - 10?
1002002201
In base 11, what is -10 + -864?
-874
In base 14, what is 398a - 4?
3986
In base 4, what is -1102003333 + -2?
-1102010001
In base 8, what is -36 + 160437?
160401
In base 13, what is 0 + -c46?
-c46
In base 4, what is -11 + -31133103?
-31133120
In base 13, what is -75 + -1224?
-1299
In base 9, what is -6822 + 63?
-6748
In base 4, what is -230331 + -1?
-230332
In base 3, what is -121222210 + -11?
-121222221
In base 8, what is 6577570 - 2?
6577566
In base 8, what is -101133 - -10?
-101123
In base 6, what is -4 - -113510?
113502
In base 10, what is -109 + -16?
-125
In base 7, what is -324206 - 2?
-324211
In base 8, what is 2565642 - 0?
2565642
In base 2, what is 1110100010111 - 1111?
1110100001000
In base 5, what is 300 + 2422?
3222
In base 15, what is d - 2516?
-2508
In base 13, what is 1b0 + 3c68?
4148
In base 10, what is -445 - 98?
-543
In base 15, what is -5 + 360b8?
360b3
In base 3, what is -1002101 - 212000?
-1221101
In base 10, what is 0 + -225966?
-225966
In base 10, what is -3010 - -371?
-2639
In base 12, what is 359 - 3635?
-3298
In base 7, what is 14524 - -22?
14546
In base 13, what is 560 + -445a?
-3bca
In base 5, what is 4 + 200112242?
200112301
In base 2, what is 10 - -100011000110100?
100011000110110
In base 16, what is -1 - -81889?
81888
In base 12, what is -834 - -253?
-5a1
In base 10, what is 205 - -1112?
1317
In base 11, what is 343 + 1a18?
2260
In base 5, what is 10 + 124130?
124140
In base 9, what is -126516 + 5?
-126511
In base 12, what is -3b - -5223?
51a4
In base 2, what is 11 + 1011010100010011110?
1011010100010100001
In base 5, what is 110044 - -101?
110200
In base 12, what is -4 + 1b69a2?
1b699a
In base 11, what is 47119 - 2?
47117
In base 12, what is -13 + -a09?
-a20
In base 5, what is 203440 + -213?
203222
In base 9, what is 217 + 10056?
10274
In base 11, what is 297 - 567?
-280
In base 16, what is -18e0c + -5?
-18e11
In base 11, what is -5 - -7391?
7387
In base 3, what is 1011 + 121011?
122022
In base 3, what is 10 - -101212000120?
101212000200
In base 7, what is -15 + 453000?
452652
In base 6, what is 10 - -2111521?
2111531
In base 14, what is 101910 + -3?
10190b
In base 15, what is a93 + -2c?
a66
In base 2, what is 101110101001101 + 101?
101110101010010
In base 2, what is 110 - 10001011011110?
-10001011011000
In base 6, what is 0 - -3115214?
3115214
In base 4, what is -121320 - 203?
-122123
In base 3, what is -2010100121 + 12?
-2010100102
In base 4, what is 13 + -12101022?
-12101003
In base 13, what is -278 - 273?
-51b
In base 2, what is -1110110010000010000 + 11?
-1110110010000001101
In base 14, what is -b4a5 + -2?
-b4a7
In base 16, what is -1 + -15bf?
-15c0
In base 8, what is 1202 - 31?
1151
In base 3, what is -1 + -1101122111?
-1101122112
In base 3, what is -111111112 + -2022?
-111120211
In base 9, what is -5 + 827?
822
In base 4, what is -13212 - 1322?
-21200
In base 5, what is 4402 + -120033?
-110131
In base 3, what is 20210221 - 1?
20210220
In base 2, what is 1110011000100000001 + -100?
1110011000011111101
In base 6, what is -112 - 2424345?
-2424501
In base 16, what is 7 - a50?
-a49
In base 11, what is 24 - -11288?
11301
In base 5, what is 114 - 2434?
-2320
In base 12, what is 77 + -2775?
-26ba
In base 3, what is 111121 + -102210?
1211
In base 3, what is -211002 + -1111222?
-2100001
In base 12, what is -20 + 1956?
1936
In base 15, what is 17d + 7c?
20a
In base 11, what is 7a8 - 5?
7a3
In base 3, what is -11120212 - -112?
-11120100
In base 15, what is -ce96 + -4?
-ce9a
In base 3, what is -12 - 222201221?
-222202010
In base 13, what is 9784 + -17?
976a
In base 13, what is a6 + -b29?
-a53
In base 14, what is -48d2 + -4?
-48d6
In base 3, what is 21120 - -21201212?
22000102
In base 16, what is -5 - -2897?
2892
In base 8, what is -2 + 34274?
34272
In base 12, what is -14 - 9?
-21
In base 15, what is 4 - 151e?
-151a
In base 2, what is -10110 - -1001001010000000?
1001001001101010
In base 14, what is 3 - -2197a2?
2197a5
In base 3, what is 200220002 + 110?
200220112
In base 2, what is -101 - -11001011000010?
11001010111101
In base 2, what is 1110011011110011 + 0?
1110011011110011
In base 4, what is -120 - -11300203?
11300023
In base 14, what is 167 + -33?
134
In base 2, what is -110111010001110001100010 - -100?
-110111010001110001011110
In base 2, what is -1 + 1010110010111110?
1010110010111101
In base 11, what is -78478 + 1?
-78477
In base 8, what is 2 - 423025?
-423023
In base 10, what is 14082 + 13?
14095
In base 4, what is 303 - -21313?
22222
In base 16, what is 2e0 - -19fc?
1cdc
In base 12, what is -28861 + 0?
-28861
In base 16, what is -7 + -2745?
-274c
In base 7, what is 2022331 - 1?
2022330
In base 2, what is 110 - 110010?
-101100
In base 11, what is 277 + -21a?
58
In base 4, what is 100 + -110022323?
-110022223
In base 4, what is -11 - -10302221222?
10302221211
In base 2, what is -101111011001000010000 + 11?
-101111011001000001101
In base 7, what is -1 - -242223?
242222
In base 14, what is -445ad0 + 3?
-445acb
In base 8, what is -444 - -242?
-202
In base 2, what is -100000 + 1101